What is f(-8)?
158
Let j(k) = 816*k - 845. What is j(1)?
-29
Let y(o) = 318*o - 1381. Give y(5).
209
Let w(v) = -546*v + 84634. Determine w(155).
4
Let y(v) = 4*v**3 + 730*v**2 - 4139*v - 556. Calculate y(-188).
8
Let o(w) = -7*w**3 - 26*w**2 + 24*w + 3. Calculate o(1).
-6
Let a(z) = 12*z + 744. Determine a(-53).
108
Let m(n) = -n**3 - 48*n**2 + 35*n - 430. Give m(-49).
256
Let z(d) = d**2 + 3. Determine z(3).
12
Let n(k) = -118*k**2 - 948*k + 10. Determine n(-8).
42
Let t(n) = n**3 - 22*n**2 + 113*n + 4. Determine t(8).
12
Let m(l) = 278*l + 1364. Give m(-5).
-26
Let n(u) = 7643*u - 22928. What is n(3)?
1
Let x(l) = 24*l - 106. Calculate x(18).
326
Let f(n) = 20*n**2 - 528*n - 45. Calculate f(27).
279
Let c(p) = -p**3 + 10*p**2 + 701*p - 2171. Calculate c(3).
-5
Let c(n) = -1445*n - 27467. What is c(-19)?
-12
Let q(i) = -710*i + 10647. Give q(15).
-3
Let q(x) = -x**2 - 697*x - 5. Determine q(0).
-5
Let r(y) = 2*y**3 - 23*y**2 + 32*y - 238. Determine r(11).
-7
Let i(v) = -v**3 + 7*v**2 - v + 2. Calculate i(7).
-5
Let f(x) = -427*x - 824. Calculate f(-2).
30
Let k(y) = y**3 + 6*y**2 + 81*y + 895. Calculate k(-9).
-77
Let p(v) = -5*v**2 + 308. Give p(0).
308
Let a(p) = 2*p**2 - 721*p + 1436. Calculate a(2).
2
Let o(n) = 92*n + 12327. What is o(-134)?
-1
Let n(f) = -f**2 + 1635*f + 8200. Determine n(-5).
0
Let i(u) = -9*u - 288. Give i(-13).
-171
Let g(x) = -x**3 + 32*x**2 + 86*x - 611. What is g(34)?
1
Let g(a) = 3*a**2 + 677*a + 36770. Determine g(-91).
6
Let j(g) = 10*g**2 + 15*g + 14. What is j(-1)?
9
Let c(s) = -s**3 + 4*s**2 + 15*s + 83. What is c(7)?
41
Let x(i) = 18*i**3 - i**2 - 9*i + 15. What is x(-3)?
-453
Let l(u) = -223*u + 8282. Calculate l(37).
31
Let r(n) = -n**3 + 110*n**2 - 1088*n - 13. What is r(11)?
-2
Let k(r) = 3*r**2 - 275*r - 368. Give k(93).
4
Let q(o) = -o**2 + 10*o - 16. Determine q(4).
8
Let w(n) = 3*n**3 - 320*n**2 + 240*n - 2961. What is w(106)?
7
Let n(f) = -f**3 - 9*f**2 - 31*f - 116. Calculate n(-7).
3
Let n(y) = -12*y**2 + 56*y - 28. Calculate n(4).
4
Let b(d) = -d**3 - 2*d**2 + 86*d + 45. What is b(-10)?
-15
Let j(b) = b**3 - 18*b**2 - 34*b - 12. Determine j(20).
108
Let l(b) = 2*b**2 + 229*b + 460. Determine l(-2).
10
Let f(v) = 601*v + 17403. Calculate f(-29).
-26
Let k(x) = -x**3 - 16*x**2 - 3*x + 13. Calculate k(-16).
61
Let i(t) = 200*t + 367. Give i(-2).
-33
Let r(j) = j**3 + 44*j**2 + j + 12. Calculate r(-44).
-32
Let i(h) = 4137*h + 24831. Determine i(-6).
9
Let b(q) = 8*q - 31. Determine b(-6).
-79
Let r(a) = -387*a - 15. Calculate r(-1).
372
Let v(h) = -74*h + 3. Give v(-6).
447
Let t(q) = 141*q**2 - 7332*q - 14. Determine t(52).
-14
Let r(l) = -2133*l + 32020. What is r(15)?
25
Let r(z) = -13*z**2 - 25*z + 94. Calculate r(4).
-214
Let l(c) = -c**3 + 21*c**2 + 114. Determine l(21).
114
Let z(o) = -o**2 + 17*o + 146. Determine z(24).
-22
Let n(q) = q**3 - 19*q**2 - 115*q - 105. Give n(24).
15
Let c(g) = g**3 + 12*g**2 - 37*g + 191. Determine c(-15).
71
Let j(s) = 6*s**2 + 374*s + 2141. Determine j(-6).
113
Let l(x) = x**2 + 26*x - 475. Calculate l(13).
32
Let c(z) = z**2 + 54*z + 318. What is c(-51)?
165
Let v(x) = -x**2 - 217*x - 1260. Determine v(-6).
6
Let z(h) = h**2 + 140*h + 1178. What is z(-9)?
-1
Let y(j) = -16*j - 1339. Give y(-77).
-107
Let x(l) = -215*l + 1706. Give x(8).
-14
Let v(z) = -193*z + 7739. Calculate v(41).
-174
Let h(m) = -m**3 + 4*m**2 + 31*m - 13. What is h(8)?
-21
Let a(g) = -2*g**2 + 128*g - 1403. Calculate a(14).
-3
Let b(g) = -g**2 + 297*g + 594. Calculate b(-2).
-4
Let m(i) = 5*i**2 - 31*i - 28. Give m(-5).
252
Let g(b) = 6*b**2 - 48*b + 16. Give g(9).
70
Let q(u) = -u**2 + 86*u - 1178. Give q(17).
-5
Let x(i) = i**3 + 179*i**2 + 1532*i + 2. Calculate x(-9).
-16
Let o(q) = -4*q**2 + 128*q - 831. What is o(23)?
-3
Let p(m) = m**2 - 74*m + 491. Calculate p(66).
-37
Let g(b) = -44*b - 626. Determine g(-14).
-10
Let g(s) = -s**2 + 11*s + 473. Determine g(-16).
41
Let d(b) = -b**2 - 35*b - 121. Give d(-3).
-25
Let r(i) = i**3 + 7*i**2 - 139*i - 54. Give r(-15).
231
Let l(p) = 3*p + 40. Calculate l(-5).
25
Let f(w) = -325*w - 6507. Give f(-20).
-7
Let f(w) = -w**2 - 4*w - 2. Determine f(1).
-7
Let b(r) = r**3 - 22*r**2 + 110*r + 8. Determine b(14).
-20
Let l(h) = -29*h**2 - 5*h - 9. Determine l(-3).
-255
Let z(i) = i**2 - 28*i + 101. What is z(18)?
-79
Let v(w) = -39*w - 100. Determine v(-4).
56
Let i(o) = 50*o + 351. Determine i(-7).
1
Let h(u) = 16*u**3 + 4*u**2 + 10*u - 10. Calculate h(1).
20
Let l(z) = -111*z**2 - 651*z + 93. Calculate l(-6).
3
Let q(a) = -724*a + 1530. Calculate q(2).
82
Let j(f) = -102*f - 2559. Calculate j(-25).
-9
Let o(i) = i**3 + 5*i**2 + 147*i + 583. Determine o(-4).
11
Let q(g) = 84*g - 6718. Calculate q(80).
2
Let l(q) = -q**2 + 6. What is l(3)?
-3
Let s(p) = 146*p - 5367. What is s(37)?
35
Let w(l) = -l**2 - 89*l - 705. What is w(-79)?
85
Let s(j) = -j**2 - 32*j - 68. Give s(-25).
107
Let o(p) = -555*p**3 - 2*p**2 - 17*p - 17. Calculate o(-1).
553
Let b(g) = 2*g**3 - 46*g**2 - 44*g - 105. Calculate b(24).
-9
Let f(l) = l**3 + 19*l**2 - 118*l - 1585. Give f(-21).
11
Let s(p) = -6*p**2 - 124*p - 85. Determine s(-24).
-565
Let t(b) = b**3 - 30*b**2 + 27*b - 82. Give t(29).
-140
Let f(u) = -55*u - 1277. What is f(-22)?
-67
Let v(a) = -6*a**2 - 195*a - 1308. Give v(-23).
3
Let z(f) = 46*f**3 + f**2 - f - 5. Determine z(-2).
-367
Let o(y) = 319*y - 20446. Determine o(64).
-30
Let u(k) = -k**3 - 8*k**2 + 44*k + 278. Calculate u(-8).
-74
Let z(j) = -631*j - 7570. Calculate z(-12).
2
Let a(p) = -84*p - 2357. Give a(-28).
-5
Let f(j) = 5843*j + 52578. What is f(-9)?
-9
Let a(i) = -2*i**3 + 5*i**2 + 21*i - 18. Give a(4).
18
Let z(d) = -3*d**2 - 60*d + 26. Give z(0).
26
Let c(x) = -x**3 - 27*x**2 - 162*x + 18. Determine c(-9).
18
Let g(i) = -i**3 + 3*i**2 + 19*i - 40. What is g(2)?
2
Let t(q) = 5*q**3 - 53*q**2 + 30*q - 11. Determine t(10).
-11
Let n(d) = -646*d + 10975. Give n(17).
-7
Let z(v) = v**3 - 20*v**2 + 44*v + 48. Calculate z(17).
-71
Let h(t) = -t**3 - 58*t**2 - 444*t - 141. Determine h(-49).
6
Let q(b) = 3*b**2 + 338*b + 2801. What is q(-9)?
2
Let g(m) = 167*m**2 - m. Determine g(-1).
168
Let v(x) = 42*x**2 + 348*x + 56. Calculate v(-8).
-40
Let z(c) = 2*c**2 - 27*c - 815. Determine z(28).
-3
Let v(k) = -3*k**2 - 54*k + 71. Give v(-19).
14
Let c(s) = 170*s + 16143. What is c(-95)?
-7
Let a(i) = i**3 - 34*i**2 + 67*i - 76. Calculate a(32).
20
Let x(k) = -4*k**2 + 18*k - 28. Determine x(4).
-20
Let h(p) = -p**2 + 23*p - 241. Calculate h(13).
-111
Let d(c) = c**2 - 43*c + 437. Give d(27).
5
Let a(m) = 38*m**3 - 92*m**2 + 5*m - 11. Calculate a(3).
202
Let u(l) = -l**2 - 3*l + 42. Give u(-13).
-88
Let z(m) = 7*m + 81. Give z(-35).
-164
Let l(u) = -8*u**2 - 2379*u + 1524. Give l(-298).
34
Let p(k) = 3*k**2 + 750*k - 3028. Calculate p(4).
20
Let i(l) = 2*l**3 + 81*l**2 + 385*l + 22. What is i(-35)?
22
Let k(j) = 14*j**2 - 71*j - 8. Give k(5).
-13
Let w(h) = -h**3 - 13*h**2 - 32*h + 23. Give w(-10).
43
Let y(l) = -556*l + 2824. Give y(5).
44
Let v(w) = -2*w**2 + 67*w + 986. What is v(45)?
-49
Let s(a) = 2*a**3 - 30*a**2 + 60*a + 63. Determine s(12).
-81
Let w(f) = -54*f + 5972. What is w(111)?
-22
Let a(t) = -t**3 - 53*t**2 + 4*t + 212. What is a(-53)?
0
Let d(x) = -2*x**2 - 7*x + 37. Calculate d(10).
-233
Let q(x) = -x**3 - 11*x**2 + 94*x - 13. Calculate q(-16).
-237
Let k(j) = -2*j**3 - 134*j**2 + 137*j + 52. What is k(-68)?
-16
Let r(u) = -252*u + 3343. Calculate r(11).
571
Let n(m) = -34*m + 53. Give n(-5).
223
Let a(l) = l + 3. Calculate a(14).
17
Let i(t) = -46*t - 551. Calculate i(-12).
1
Let d(v) = 1400*v + 3884. Calculate d(-3).
-316
Let i(g) = -9*g**2 - 63*g - 6. Give i(-6).
48
Let l(z) = -z**3 - 12*z**2 + 40*z + 330. Calculate l(-13).
-21
Let q(t) = -t**3 - 14*t**2 + 57*t + 64. Give q(-17).
-38
Let s(w) = w**3 - 10*w**2 - 17*w + 170. Calculate s(8).
-94
Let q(b) = b**2 - 850*b + 5. Give q(0).
5
Let q(m) = -93*m + 3228. Determine q(28).
624
Let b(u) = -u**2 + 2491*u - 37163. Determine b(15).
-23
Let f(p) = p**3 + 10*p**2 + 19*p - 14. What is f(-7)?
0
Let o(p) = -171*p + 4456. Give o(26).
10
Let s(r) = 2*r**3 - 2*r**2 - 98*r - 28. Determine s(8).
84
Let c(s) = -s**2 + 183*s + 1718. Give c(-9).
-10
Let l(h) = -h**3 - 24*h**2 + 342*h + 7927. Wha